 g = 3*b + 417, -288 = -3*d - 3*b. Is d a multiple of 22?
False
Let v(o) = 5*o**3 - 4*o**2 - 38*o - 10. Is 7 a factor of v(5)?
False
Let y(u) = -3*u**2 + 5*u + 1. Let s be y(8). Let m = -81 - s. Does 7 divide m?
True
Suppose -38*k = -37*k - 80. Is k a multiple of 12?
False
Let f(k) = k. Let p(q) = -q**3 - 5*q**2 - 3. Let l(x) = -5*f(x) + p(x). Does 9 divide l(-6)?
True
Let w(o) = o**3 - 8*o**2 + 6*o + 13. Let p be w(7). Suppose -p*z + z = -360. Is z a multiple of 14?
False
Let z(u) = -u + 12. Let y be z(8). Suppose -2*o - 8 = -y*o. Suppose 3*b = o*b - 12. Is 12 a factor of b?
True
Suppose -4 - 9 = -3*z - 5*f, 0 = -z + 5*f + 11. Suppose 2*d = z*d - 680. Does 34 divide d?
True
Let x(v) = 76*v - 140. Is x(8) a multiple of 42?
False
Suppose 0 = q + 10 - 12. Suppose -a + q*g + 14 = 0, g - 5*g - 24 = -a. Is 3 a factor of a?
False
Let w(k) = k**2 + 15*k + 13. Let a be w(-13). Let g(q) = -6*q - 48. Is g(a) even?
True
Suppose -2*c - 2*c = 5*w - 916, 200 = w + 5*c. Is w a multiple of 8?
False
Let v be (-178372)/16 + (-6)/(-24). Is v/(-84) - 2/(-7) a multiple of 19?
True
Suppose 5609 = 24*a - 18895. Is 10 a factor of a?
False
Let z(p) = p**3 - 18*p**2 - 15*p - 5. Suppose -4*q = n - 73, -2*q = -n - 48 + 7. Does 16 divide z(q)?
False
Let l = 2769 + 2406. Is l a multiple of 102?
False
Let d = 774 - 249. Is 17 a factor of d?
False
Suppose 35 = -3*i - 4*t, -4*t - 30 = 2*i - 0*i. Let n(q) = -3*q**3 + 12 + 5*q - 2 + 2*q**3 - 4*q**2. Does 2 divide n(i)?
True
Let y(i) = 2*i**3 - 2*i**2 + i - 2. Let k be y(2). Suppose -3*m = -k*m + 70. Does 4 divide m?
False
Let s = 126 + -78. Let m be ((-2)/(-4))/(12/s). Suppose 2*c - n - 39 = 4*n, 0 = -m*c + n + 51. Is 19 a factor of c?
False
Suppose 2*f - 3 = f - 3*i, -4*f - 4*i = -4. Let g(l) be the first derivative of l**3/3 + l**2/2 + 14*l - 18. Does 7 divide g(f)?
True
Is (-21)/56 - (3 - 58113/24) a multiple of 31?
True
Suppose 96*o = 95*o + 480. Is 40 a factor of o?
True
Suppose -4*v = y - 9, -11*y - 4*v + 36 = -7*y. Is y a multiple of 6?
False
Let a(l) = 60*l + 6. Let r(t) = t**2 + 4*t + 2. Let d be r(-4). Suppose w + 9 = 5*u - 6, -d*w = -4*u + 18. Is a(u) a multiple of 21?
True
Let y be -2 + 0/(-3) - -1. Suppose 3*x - 4*x = 1. Is (x/3)/(y/60) a multiple of 7?
False
Let x = -1 - -4. Suppose -q = -x*q + 44. Let b = 51 - q. Is 10 a factor of b?
False
Suppose -5*i - 9*f + 12*f = -1983, 1979 = 5*i + f. Does 13 divide i?
False
Let u(p) = 56*p**2 + 35*p + 119. Is u(-4) a multiple of 35?
True
Suppose -d + 18 = z - 5*z, z - 89 = -4*d. Is 2 a factor of d?
True
Let w(a) = -3*a**3 - a**2 - a + 26. Is w(-8) a multiple of 89?
False
Let n = 220 + -174. Is n a multiple of 23?
True
Let s(h) = -19*h - 4*h**2 - 4 + 8*h - h**3 + 6*h. Let j be s(-3). Suppose -v = -j*u - 60, -3*v + 17 = 3*u - 154. Does 16 divide v?
False
Does 14 divide ((-489)/(-5))/((-55)/(-275))?
False
Let r = -421 - -645. Does 28 divide r?
True
Suppose 0 = 2*a, -2 = 5*h - 3*h + 3*a. Let m be 52/(-6)*(h + -2). Let v = m + -12. Is v a multiple of 8?
False
Let v = 230 + -67. Is v a multiple of 34?
False
Let v = 118 - 89. Suppose 57 - v = y. Does 7 divide y?
True
Suppose 0 = 4*u + 6*u - 1440. Suppose 4*c + u = 532. Does 10 divide c?
False
Let w be 3*-1 + (13 - 2). Let q = -13 + 17. Does 2 divide q*6/w - 0?
False
Let k = -3 + 5. Let a(n) = 3 - k - 3*n + 5*n. Is 4 a factor of a(7)?
False
Let y = -244 + 102. Let a = -121 - y. Is 12 a factor of a?
False
Let m(y) = 3*y**2 - 10*y + 12. Suppose v = -5*a - 2*v + 33, v - 31 = -5*a. Is 15 a factor of m(a)?
True
Let s(n) = 2*n**2 + 9*n + 35. Is 20 a factor of s(-17)?
True
Let i(j) = -3*j + 56. Let t be i(17). Let s = -2 - -17. Suppose -s = -a - t. Does 4 divide a?
False
Suppose -7*h + 213 = -4*h. Let c = h - -105. Is c a multiple of 11?
True
Let f(h) = -h**3 - h**2 + h + 2. Let n be f(0). Let v(s) = 2 - 7 + 2*s**n - 1 - 1 + s. Does 5 divide v(-3)?
False
Let v(a) = -7*a + 3. Let q(r) = -r**2 + 4*r - 6. Let l be q(4). Let p be v(l). Let b = p + 38. Is 20 a factor of b?
False
Let b = -13 - 9. Let x = -8 - b. Is (-4)/x + (-4010)/(-70) a multiple of 22?
False
Let l = -8 - -10. Suppose 2*k = 2*d + l*d - 2, 4*k = d + 10. Is 6 a factor of 2/k - 32/(-6)?
True
Suppose 4*x - 2*x + 1254 = -4*a, 2*a = -5*x - 623. Let c = -220 - a. Suppose 0 = 4*v - c - 26. Does 10 divide v?
True
Let j = -18 - -24. Suppose 5*t = -j*p + p + 195, -p = -t + 41. Does 6 divide t?
False
Let c(o) = -35*o + 111. Does 8 divide c(-5)?
False
Let v(d) = -48*d - 409. Is v(-17) a multiple of 37?
True
Let d = -56 + 123. Is d a multiple of 2?
False
Let a(m) be the third derivative of 0*m + 16/3*m**3 - 8*m**2 + 0 - 1/24*m**4. Is a(8) a multiple of 6?
True
Let t be (2/(-1) - (59 - -1))/(-2). Suppose h + t = 94. Does 11 divide h?
False
Let d(b) = 67*b - b**3 + 66*b - 202*b - 4 + 65*b + 2*b**2. Is 14 a factor of d(-6)?
True
Is 4 a factor of (-15)/(-30) - 148/(-8)?
False
Suppose -8 = -5*x + x. Let l(p) = -9 - 3*p + p**3 - 1 + 2 + 6*p**2 + x. Is l(-6) a multiple of 11?
False
Let h(c) = 2*c**2 + 9*c - 52. Is 26 a factor of h(-10)?
False
Let g = -482 - -1379. Does 39 divide g?
True
Let s = 515 + -257. Is s a multiple of 43?
True
Let d(k) = 2*k**3 + 2*k**2 - k + 2. Let m = 2 + 0. Is 8 a factor of d(m)?
True
Suppose -5*l = -2*z - 12933, 2*l = -2*z + 6819 - 1657. Does 113 divide l?
False
Suppose 4*n = -2*w - 3*w + 88, 60 = 4*n - 2*w. Suppose n*u = 15*u + 180. Is u a multiple of 26?
False
Suppose 1223*l - 1230*l = -2100. Does 50 divide l?
True
Suppose -2*h - 329 = 367. Let a = -238 - h. Is a a multiple of 11?
True
Let f be (-36)/90 + 42/5. Is (-4)/((48/(-135))/f) a multiple of 30?
True
Let d be 6/(-18)*(2 + 1)*-2. Let q = 34 + -48. Let h = d - q. Does 7 divide h?
False
Suppose 2*j = -3*q + 1256, -2573 = -5*j + q + 550. Is j a multiple of 25?
True
Let p be 573/27 - -4*(-1)/18. Does 3 divide ((-2)/1 + -1)*p/(-9)?
False
Let u(s) = 3*s**2 - s + 1. Let o be u(2). Let m(z) = z**3 - 11*z**2 + 4. Let n be m(o). Suppose a = -n*a + 160. Is 28 a factor of a?
False
Let i = -38 + 24. Let x = i - -14. Suppose -2*v + 9 = -2*l + 27, x = l - 3*v - 11. Is l a multiple of 3?
False
Suppose -32 = 2*u - 134. Let i = 122 - u. Let m = i + -50. Is 9 a factor of m?
False
Suppose -4*o = 5*k - 2414, 1657 = 5*o - 3*k - 1342. Suppose -1753 = -6*n - o. Does 46 divide n?
False
Let h(v) = v**3 - 2*v**2 + 5*v + 155. Does 19 divide h(0)?
False
Suppose -6*g + 2*g = 0. Suppose 0*t + 4*t = g. Suppose -5*d - 5*f + 0*f + 30 = t, -2*f = -5*d + 51. Does 4 divide d?
False
Let y be (2/6)/(8/48). Suppose 4*o - 3*u = 108 + 117, -y*u + 264 = 5*o. Does 9 divide o?
True
Let h(a) be the second derivative of 2*a**3/3 - a**2/2 + 3*a. Let r be h(1). Suppose -r*j - 8 - 96 = -2*y, 5*j - 136 = -2*y. Does 12 divide y?
False
Let m(j) = -j**3 - 24*j**2 + 28*j + 31. Let w be m(-25). Let c = 191 + w. Does 49 divide c?
True
Suppose -14*v + 220 = 30*v. Let o = -13 + 19. Let b = v + o. Does 5 divide b?
False
Let u(r) = -r**2 + 41*r - 260. Is 2 a factor of u(32)?
True
Suppose -w = -4*z + 17, -z - z = 4*w - 4. Suppose 2*g - 551 = 8*m - 13*m, 0 = -2*g - z*m + 556. Does 32 divide g?
True
Let w = 75 - -572. Is 13 a factor of w?
False
Suppose -77*q + 44416 = -9484. Is q a multiple of 10?
True
Suppose 75*r = 58*r + 5457. Is 12 a factor of r?
False
Let m = 10 + -6. Suppose -4*y + 4*u - 2*u + m = 0, -5*u - 10 = 5*y. Suppose -2*h + y*h + 32 = 0. Does 4 divide h?
True
Let d(y) = y**2 - 1 - 6*y - 4*y + 11*y. Let w(p) = 6*p**2 - 2*p - 13. Let g(h) = 5*d(h) - w(h). Is g(5) a multiple of 9?
True
Suppose 0 = -5*f + 277 - 37. Suppose -2*r = 3*o - f, r - 4*o = -o + 42. Is r a multiple of 12?
False
Let r(k) = 2*k - 26. Let u be r(19). Is 9 a factor of (3 - 117/u)*8/(-2)?
True
Let c(n) be the second derivative of n + 0 - 7/2*n**2 - 2/3*n**4 + 1/20*n**5 + n**3. Is 23 a factor of c(8)?
False
Suppose -15*j + 11*j = -96. Let z(a) = a**3 - 23*a**2 - 23*a + 41. Is 13 a factor of z(j)?
True
Suppose 0 = 4*j - j - 9. Let o(v) = v**3 + 4*v**2 + 3*v + 3. Let r be o(-3). Suppose -14 = -5*f - c, -r*f - f - j*c = -20. Is f even?
True
Let k(m) = -17*m**3 - m**2 - m. Let q be k(2). Let p = 226 + q. Is p a multiple of 12?
True
Let u be 18/(-1)*1 - -3. Let z(f) = -2*f + 35. Is z(u) a multiple of 13?
True
Suppose 0 = z + 4*i, 4*i = -3*z + 7*z. Does 17 divide 1552/24 + (-1)/(-3) + z?
False
Le